housands digit of 1641?
1
What is the tens digit of 1100?
0
What is the tens digit of 383?
8
What is the tens digit of 677?
7
What is the ten thousands digit of 11945?
1
What is the tens digit of 622?
2
What is the ten thousands digit of 43058?
4
What is the thousands digit of 19316?
9
What is the tens digit of 637?
3
What is the thousands digit of 17992?
7
What is the tens digit of 22099?
9
What is the thousands digit of 3209?
3
What is the tens digit of 299?
9
What is the thousands digit of 68738?
8
What is the tens digit of 11725?
2
What is the hundreds digit of 834?
8
What is the hundreds digit of 8983?
9
What is the ten thousands digit of 88575?
8
What is the tens digit of 16485?
8
What is the ten thousands digit of 39702?
3
What is the hundreds digit of 30146?
1
What is the thousands digit of 64197?
4
What is the hundreds digit of 113085?
0
What is the ten thousands digit of 78055?
7
What is the thousands digit of 5401?
5
What is the thousands digit of 1155?
1
What is the tens digit of 651?
5
What is the hundreds digit of 523?
5
What is the units digit of 209?
9
What is the ten thousands digit of 32963?
3
What is the hundreds digit of 50609?
6
What is the ten thousands digit of 25473?
2
What is the ten thousands digit of 11804?
1
What is the tens digit of 43040?
4
What is the hundreds digit of 3959?
9
What is the thousands digit of 88353?
8
What is the thousands digit of 45715?
5
What is the thousands digit of 20732?
0
What is the tens digit of 106325?
2
What is the hundreds digit of 173?
1
What is the thousands digit of 101808?
1
What is the hundreds digit of 1479?
4
What is the tens digit of 38167?
6
What is the hundreds digit of 40432?
4
What is the hundreds digit of 688?
6
What is the units digit of 891?
1
What is the units digit of 57983?
3
What is the units digit of 4604?
4
What is the thousands digit of 9249?
9
What is the ten thousands digit of 140544?
4
What is the tens digit of 3440?
4
What is the hundreds digit of 4618?
6
What is the tens digit of 32327?
2
What is the thousands digit of 1726?
1
What is the units digit of 33432?
2
What is the units digit of 2168?
8
What is the hundreds digit of 11946?
9
What is the hundreds digit of 13257?
2
What is the units digit of 16300?
0
What is the tens digit of 3323?
2
What is the tens digit of 27130?
3
What is the hundreds digit of 423?
4
What is the hundreds digit of 21539?
5
What is the tens digit of 1885?
8
What is the hundreds digit of 62235?
2
What is the tens digit of 455?
5
What is the hundreds digit of 16864?
8
What is the tens digit of 1575?
7
What is the units digit of 282?
2
What is the hundreds digit of 12474?
4
What is the tens digit of 491?
9
What is the tens digit of 528?
2
What is the units digit of 643?
3
What is the thousands digit of 5169?
5
What is the thousands digit of 20766?
0
What is the hundreds digit of 40619?
6
What is the units digit of 43031?
1
What is the tens digit of 289?
8
What is the hundreds digit of 436?
4
What is the thousands digit of 76765?
6
What is the ten thousands digit of 14448?
1
What is the hundreds digit of 5981?
9
What is the units digit of 7108?
8
What is the units digit of 2092?
2
What is the units digit of 1979?
9
What is the units digit of 6431?
1
What is the thousands digit of 1787?
1
What is the tens digit of 8705?
0
What is the tens digit of 6263?
6
What is the hundreds digit of 9039?
0
What is the tens digit of 160?
6
What is the hundreds digit of 1395?
3
What is the hundreds digit of 1087?
0
What is the hundreds digit of 2702?
7
What is the tens digit of 58885?
8
What is the thousands digit of 97916?
7
What is the tens digit of 33436?
3
What is the tens digit of 6371?
7
What is the thousands digit of 3688?
3
What is the units digit of 533?
3
What is the tens digit of 4176?
7
What is the hundreds digit of 2245?
2
What is the units digit of 15133?
3
What is the tens digit of 349?
4
What is the hundreds digit of 11967?
9
What is the units digit of 25648?
8
What is the units digit of 164561?
1
What is the units digit of 36531?
1
What is the units digit of 12274?
4
What is the units digit of 4685?
5
What is the thousands digit of 77451?
7
What is the ten thousands digit of 44184?
4
What is the ten thousands digit of 60138?
6
What is the hundreds digit of 907?
9
What is the tens digit of 1926?
2
What is the thousands digit of 1933?
1
What is the hundreds digit of 6262?
2
What is the hundreds digit of 14330?
3
What is the thousands digit of 5603?
5
What is the tens digit of 112?
1
What is the hundreds digit of 766?
7
What is the thousands digit of 2172?
2
What is the hundreds digit of 891?
8
What is the ten thousands digit of 38087?
3
What is the units digit of 391?
1
What is the units digit of 1110?
0
What is the thousands digit of 12432?
2
What is the units digit of 1527?
7
What is the units digit of 86?
6
What is the tens digit of 13197?
9
What is the units digit of 53376?
6
What is the thousands digit of 79570?
9
What is the hundreds digit of 34536?
5
What is the tens digit of 254?
5
What is the tens digit of 5638?
3
What is the hundred thousands digit of 158850?
1
What is the tens digit of 92806?
0
What is the units digit of 10539?
9
What is the hundreds digit of 521?
5
What is the units digit of 5756?
6
What is the tens digit of 1895?
9
What is the tens digit of 1428?
2
What is the hundred thousands digit of 108448?
1
What is the ten thousands digit of 14930?
1
What is the units digit of 2440?
0
What is the units digit of 12360?
0
What is the thousands digit of 1799?
1
What is the units digit of 43897?
7
What is the tens digit of 6441?
4
What is the hundreds digit of 805?
8
What is the thousands digit of 3886?
3
What is the hundreds digit of 1229?
2
What is the thousands digit of 6217?
6
What is the units digit of 145673?
3
What is the hundreds digit of 123?
1
What is the hundreds digit of 4779?
7
What is the hundreds digit of 457?
4
What is the ten thousands digit of 38743?
3
What is the tens digit of 2480?
8
What is the thousands digit of 6801?
6
What is the hundreds digit of 144?
1
What is the hundreds digit of 23560?
5
What is the thousands digit of 4789?
4
What is the tens digit of 57659?
5
What is the thousands digit of 49104?
9
What is the units digit of 841?
1
What is the thousands digit of 13148?
3
What is the thousands digit of 8661?
8
What is the units digit of 1063?
3
What is the units digit of 2115?
5
What is the tens digit of 3517?
1
What is the thousands digit of 3129?
3
What is the units digit of 1164?
4
What is the hundreds digit of 567?
5
What is the tens digit of 2883?
8
What is the thousands digit of 23657?
3
What is the units digit of 8839?
9
What is the hundreds digit of 12551?
5
What is the hundreds digit of 65297?
2
What is the hundreds digit of 306?
3
What is the tens digit of 12732?
3
What is the hundreds digit of 2604?
6
What is the thousands digit of 80082?
0
What is the units digit of 894?
4
What is the tens digit of 19317?
1
What is the hundreds digit of 20013?
0
What is the hundreds digit of 3633?
6
What is the units digit of 2010?
0
What is the units digit of 14933?
3
What is the hundreds digit of 689?
6
What is the units digit of 1184?
4
What is the hundreds digit of 1221?
2
What is the units digit of 32217?
7
What is the tens digit of 13154?
5
What is the hundreds digit of 4899?
8
What is the thousands digit of 3302?
3
What is the units digit of 381?
1
What is the hundreds digit of 10038?
0
What is the thousands digit of 17319?
7
What is the thousands digit of 10952?
0
What is the tens digit of 6685?
8
What is the hundreds digit of 289?
2
What is the tens digit of 12179?
7
What is the hundreds digit of 710?
7
What is the thousands digit of 6209?
6
What is the hundreds digit of 35450?
4
What is the hundreds digit of 7951?
9
What is the units digit of 6979?
9
What is the units digit of 5108?
8
What is the hundreds digit of 54196?
1
What is the hundreds digit of 2027?
0
What is the units digit of 59?
9
What is the tens digit of 5164?
6
What is the units digit of 64?
4
What is the tens digit of 7883?
8
What is the hundreds digit of 3791?
7
What is the hundreds digit of 2283?
2
What is the units digit of 15653?
3
What is the tens digit of 163921?
2
What is the units digit of 21916?
6
What is the u